 be (2 + 4)/(12/6). List the prime factors of r(p).
5, 17
Suppose 0 = 3*o + 9 + 30. Let x = o - -16. Suppose -u - 4*u + 42 = -r, 0 = x*u - r - 24. List the prime factors of u.
3
Suppose 7*y - 3*y = 12. Suppose -y*w + 109 = 4. List the prime factors of w.
5, 7
Let j = -8 + 3. Let o be (-18)/j + (-3)/5. Suppose 2*y = -2*c + 8, -4 = -o*c - 16. What are the prime factors of y?
2
Let q = 228 + -174. What are the prime factors of q?
2, 3
Let s = 1680 + -926. List the prime factors of s.
2, 13, 29
Let j = -7 - -3. Let r(y) = 3*y + 4. Let b be r(j). Let u = b + 10. List the prime factors of u.
2
Suppose -9*i + 6*i + 90 = 0. Let p = i - 14. Suppose 2 + p = 3*t. List the prime factors of t.
2, 3
Let j = -246 - -366. Suppose -2*v - 4*t = -102, 2*v - j = -t - 3. List the prime factors of v.
61
Suppose 3*b - 26 = -17. Suppose 0 = -b*f + f + 80. List the prime factors of f.
2, 5
Suppose -4*r - 4*f + 10 = -2, 3*r = 4*f + 37. Let s = -2 - -4. Suppose s*u + 42 = 2*z + r*u, -4*z + u + 106 = 0. List the prime factors of z.
2, 13
Let o(y) = -155*y + 5. Let a(f) = 39*f - 1. Let v(x) = 9*a(x) + 2*o(x). What are the prime factors of v(1)?
2, 3, 7
Let v(d) = 2*d + 33. Let s be v(-15). Suppose -o - s*o + 336 = 0. What are the prime factors of o?
2, 3, 7
Suppose -2*d = -f + 193 + 247, -2*f = 5*d - 871. What are the prime factors of f?
2, 3, 73
Suppose 6716 + 11784 = 20*u. What are the prime factors of u?
5, 37
Let k = -2354 - -4490. What are the prime factors of k?
2, 3, 89
Suppose 0*m = 4*n + 2*m + 54, -5*n - 4*m - 60 = 0. Let u = 128 - n. List the prime factors of u.
2, 3
Let p(d) = d**3 + 23*d**2 + 24*d + 51. Let b be p(-22). Suppose -4*x = -2*y - 282, 4*y - 5 = b. List the prime factors of x.
2, 3
Let m(q) = -q. Let j(z) = -26*z. Let f be 1*(-2)/((-2)/1). Let w(i) = f*j(i) - 4*m(i). List the prime factors of w(-1).
2, 11
Let d = 5767 + -2392. List the prime factors of d.
3, 5
Let y(j) be the third derivative of j**6/360 - j**5/40 + j**4/6 + j**3 - j**2. Let x(z) be the first derivative of y(z). What are the prime factors of x(6)?
2, 11
Let s(u) be the first derivative of -16*u**2 + 2*u - 4. Let g be s(-1). Let o = -20 + g. List the prime factors of o.
2, 7
Suppose -a = -31 + 142. List the prime factors of a/1*(-24 + 23).
3, 37
Let y = 36 - 31. Suppose y*k = -4*h - 137 + 388, 4*k = -h + 203. List the prime factors of k.
3, 17
Let f(j) = -j**2 - 4*j + 5. Let o be f(-8). Let h be 200/9 - (-6)/o. Let v = -16 + h. List the prime factors of v.
2, 3
Let p = 58 + -28. Suppose -3*b + p = -333. List the prime factors of b.
11
List the prime factors of ((-8127)/14 - 3)*-2.
3, 389
Let s(c) = c**3 + 8*c**2 - 2*c - 11. Let x be s(-8). Suppose x*u - 272 = 18. What are the prime factors of u?
2, 29
Let s be 0 + (-2)/6 - 952/(-21). What are the prime factors of (-6)/4*(-9)/(s/370)?
3, 37
Let a(y) be the first derivative of -y**2 + 2*y - 2. Let x be a(7). Let s = x - -42. List the prime factors of s.
2, 3, 5
Let x = -22 + 22. Suppose 0*a + 54 = 5*d + 4*a, 4*d + 4*a - 40 = x. List the prime factors of d.
2, 7
List the prime factors of 3*(-6)/81 + (-2522)/(-9).
2, 5, 7
Suppose -2*r + 4*g + 24 = 0, r - g = 2*r. Suppose 4*v = -r*f + 164, 2*v - v - 5*f = 59. What are the prime factors of v?
2, 11
Let y(h) = -6*h - 19 + 11*h - 4*h + 8*h. List the prime factors of y(8).
53
Let t be ((-36)/(-54))/(2/15). What are the prime factors of (t + (-91 - -2))*-1?
2, 3, 7
Let q = 201 + -120. Suppose 0 = 2*t + 4*y - 18, -6*y + 10*y = -5*t + 33. Suppose t*k - q = 89. List the prime factors of k.
2, 17
Suppose -3*h - 5*j = -2*h - 521, 0 = 2*h - 3*j - 977. List the prime factors of h.
2, 31
Let v = -5617 + 8399. List the prime factors of v.
2, 13, 107
Suppose 5*o = 2*o + 12. Suppose 0 = -3*x + o*g - 18, -2*x = -5*g + 31 - 12. Let k(d) = -11*d - 2. List the prime factors of k(x).
2, 5
Let u(p) = 4*p + 31. Let m be u(-6). Let f(j) = -j**2 + 9*j + 5. List the prime factors of f(m).
19
Suppose -3*m - 4*u + 2589 = 0, 25*m + 3*u - 2586 = 22*m. What are the prime factors of m?
859
Let r be (-54)/8*-3*4. Suppose 5*c + 208 = 3*m - 2*m, 3*m + 6 = 0. Let x = c + r. What are the prime factors of x?
3, 13
Let i(s) = s**3 - 35*s**2 + 100*s - 7. What are the prime factors of i(34)?
2237
Let j be ((-519)/6 - -2)*-2. Let t = -107 + j. List the prime factors of t.
2, 31
Suppose 16*b - 1591 - 19529 = 0. List the prime factors of b.
2, 3, 5, 11
Suppose -5*c - 28 = -c. Let j = c - -5. Let f = 8 + j. What are the prime factors of f?
2, 3
Let x(k) = -4*k**2 - 2 + 9*k**2 + 2*k - 11. What are the prime factors of x(-4)?
59
Let c = -438 + 2207. What are the prime factors of c?
29, 61
List the prime factors of 22/(-88) - (-21988)/16.
2, 3, 229
Let s(k) = 19*k - 2. Let x be s(-1). Let v = -9 - x. Suppose -120 = -3*l + v. What are the prime factors of l?
2, 11
Let a(y) = 5*y**3 - 2*y**2 - 3. Let t be a(2). Let p = 3 - t. Let g = p - -68. What are the prime factors of g?
2, 3, 7
Suppose 6*f + 9464 = 34*f. What are the prime factors of f?
2, 13
Let s = 181 + 716. What are the prime factors of s?
3, 13, 23
Let m be 1 + 2 - 0/(-1). Suppose -5*c = -3*f - 2*f - 665, -680 = -5*c + 2*f. Suppose -m*h - c = -6*h. List the prime factors of h.
2, 23
Suppose -13*b + 3024 = -b. List the prime factors of b.
2, 3, 7
Let y(l) = l**2 - 1. Let d be y(-2). Let r(m) = 7*m + 2. Let j(i) = -7*i - 3. Let c(z) = -4*j(z) - 3*r(z). What are the prime factors of c(d)?
3
Suppose 3*x + 6 = j - 3*j, -x + 31 = -3*j. Let v(t) = 4*t + 54. What are the prime factors of v(j)?
2, 3
List the prime factors of (230/(-138))/((-862)/(-864) - 1).
2, 3, 5
Let k(q) = -6*q + 74*q**2 + 2 - 37*q**2 - 35*q**2. List the prime factors of k(-2).
2, 11
Suppose 0 = 6*p + 9*p - 6480. Suppose p = 4*w + 4*w. What are the prime factors of w?
2, 3
Let l = -11 + 16. Suppose -d = k - 5, 3*k - 7 = l*d - 0. Suppose w = k*w - 51. List the prime factors of w.
17
Suppose -372 = -3*g + 3*j, 4*g = -2*j - 54 + 526. Let i = 229 - g. What are the prime factors of i?
109
Let i be -2*(7 + (-4 - -2)). Let m = i + 15. Let g = m + 29. List the prime factors of g.
2, 17
Suppose -5*j + 1535 = 5*m, j + 3*j - m = 1228. What are the prime factors of j?
307
Suppose -4*j + 3178 = 3*l, -100*l = -96*l - 3*j - 4254. List the prime factors of l.
2, 3, 59
Suppose 4*m + 3*c = -7, 0 = -m + c - 5*c - 18. Suppose 94 - 339 = -m*q + g, -5*g = -3*q + 364. List the prime factors of q.
3, 41
What are the prime factors of 42/77 - (-74752)/88?
2, 5, 17
Let s = 10 + -9. Suppose -2*r - 11 = -5*q + s, 3*q - 28 = -4*r. Suppose 0 = 6*h - q*h - 64. List the prime factors of h.
2
What are the prime factors of ((-4336)/40)/((-6)/105)?
7, 271
Let u be -1 + (4 - -56*1). Let t be ((-30)/25)/((-1)/(-30)). Let w = t + u. What are the prime factors of w?
23
Suppose 8*a - 31500 = -22*a. List the prime factors of a.
2, 3, 5, 7
Suppose -4*m = -2*m - 2140. Suppose -7*a + m = 321. What are the prime factors of a?
107
Let k(o) = -o**3 + 2*o - 11 - 6*o**2 + 0*o - 4*o. List the prime factors of k(-8).
7, 19
Let i = -1191 - -1719. List the prime factors of i.
2, 3, 11
Let a(i) = -i**3 + 15*i**2 + 50*i - 7. List the prime factors of a(-11).
3, 863
Let u(x) = 130*x + 1. Let s(o) = -260*o - 2. Let a(m) = -2*s(m) - 5*u(m). Let q be a(-1). Suppose -5*z = -8*z + q. What are the prime factors of z?
43
List the prime factors of (-38)/(-209) + (-105425)/(-55) + 3.
2, 3, 5
Suppose -2*g - 20 = 3*i, -3*g + 18 = -4*i - 3. Let u(w) = -w**2 - 8*w - 4. What are the prime factors of u(i)?
2
Let y(v) = 3*v**2 + 2*v - 4*v**2 - 1 + 0*v. Let k be y(5). Let z = 52 + k. What are the prime factors of z?
2, 3
Let m = 948 - 534. What are the prime factors of m?
2, 3, 23
Let u(b) = 2 + 124*b - 126*b + 1. Let v be u(-2). Suppose -q + v = -1. What are the prime factors of q?
2
Suppose -18 = -k - 4*v, k - 3*v + 3 = 14. What are the prime factors of 1298/k + -3 + 138/42?
3, 31
Suppose 12 = 7*t - 3*t. List the prime factors of t*(2 - 84/27)*-12.
2, 5
Let q = 57 + -52. Suppose 54 + 54 = w - a, -4*a - 536 = -q*w. List the prime factors of w.
2, 13
Suppose 5*d = -3*x + 5, -4*d = d + 2*x - 10. Suppose n = d*n + 2*s - 35, -2*n + 34 = -4*s. Let w = -3 + n. List the prime factors of w.
2, 5
Let t(m) = m + 1. Let f be t(2). Suppose 5*i + 35 = f*y, 3*y - 31 = -i - 2. Suppose 5*v + y = x 